to base 5
-13304
What is 1012220100 (base 3) in base 5?
1231420
-62a8 (base 15) to base 14
-785c
Convert 20013020 (base 4) to base 7.
165602
Convert 20031 (base 4) to base 10.
525
What is -2403 (base 7) in base 4?
-31311
-236a0 (base 12) to base 13
-188b8
-127233 (base 8) to base 4
-22322123
-a05 (base 11) to base 14
-62b
-ad (base 15) to base 11
-139
-13152 (base 8) to base 4
-1121222
Convert 7d7 (base 16) to base 9.
2670
-115052 (base 7) to base 5
-1132320
10040 (base 5) to base 3
212220
Convert 1242441 (base 5) to base 10.
24746
10034 (base 5) to base 11
536
What is -4528 (base 10) in base 14?
-1916
-1347b (base 12) to base 5
-1322331
Convert -2309 (base 12) to base 3.
-12100100
Convert -65711 (base 10) to base 13.
-23ba9
Convert -4431 (base 9) to base 14.
-1296
Convert 4643 (base 10) to base 3.
20100222
Convert -1b75 (base 12) to base 3.
-11122222
-1424144 (base 5) to base 10
-29924
-5b5 (base 13) to base 2
-1111100001
304 (base 11) to base 12
267
Convert -e38 (base 16) to base 12.
-2134
What is 8021 (base 10) in base 2?
1111101010101
Convert 2454 (base 7) to base 13.
55b
Convert -13044 (base 5) to base 15.
-484
Convert -11011111001 (base 2) to base 9.
-2403
Convert -771 (base 8) to base 5.
-4010
-122434 (base 5) to base 10
-4744
What is 1100 (base 10) in base 2?
10001001100
-662 (base 12) to base 7
-2510
What is -1152 (base 10) in base 13?
-6a8
Convert -641 (base 9) to base 16.
-20b
What is 120245 (base 6) in base 4?
2203211
What is 1632 (base 10) in base 12?
b40
Convert -24420 (base 6) to base 5.
-103422
-2791 (base 10) to base 11
-2108
Convert 315 (base 8) to base 15.
da
-10013321 (base 4) to base 5
-1020024
7991 (base 10) to base 3
101221222
What is 214423 (base 5) in base 10?
7488
What is -1584 (base 9) in base 12?
-84a
-204 (base 15) to base 12
-31a
Convert 3061 (base 7) to base 13.
646
Convert 21341 (base 5) to base 16.
5bf
Convert 11101 (base 2) to base 6.
45
Convert 23230 (base 6) to base 14.
12dc
What is 20332 (base 4) in base 8?
1076
-22212 (base 3) to base 5
-1424
What is -31 (base 10) in base 6?
-51
What is 34052 (base 7) in base 5?
233422
Convert -1110011000001000 (base 2) to base 3.
-2222210001
Convert -6579 (base 10) to base 14.
-257d
99f5 (base 16) to base 11
27680
What is -1546 (base 7) in base 15?
-2b7
Convert fe2 (base 16) to base 12.
242a
4320 (base 5) to base 7
1464
-100100110 (base 2) to base 11
-248
What is -254412 (base 6) in base 14?
-8584
Convert 2d24 (base 15) to base 8.
22755
What is -1011000011010 (base 2) in base 9?
-7676
-92 (base 14) to base 2
-10000000
What is 6 (base 11) in base 9?
6
15055 (base 7) to base 2
1000000111100
What is c84 (base 15) in base 12?
1774
-15183 (base 10) to base 5
-441213
What is -6450 (base 7) in base 6?
-14333
Convert -34 (base 10) to base 6.
-54
What is -23100201 (base 4) in base 14?
-12b3b
Convert -18d (base 14) to base 6.
-1253
-55210 (base 8) to base 15
-6d01
-211002101 (base 3) to base 6
-202314
-4144 (base 10) to base 14
-1720
Convert -741 (base 13) to base 15.
-576
220020 (base 5) to base 11
5708
300022 (base 4) to base 7
11662
What is 122000 (base 3) in base 5?
3314
1523 (base 6) to base 14
215
Convert -311 (base 8) to base 2.
-11001001
What is 10000111 (base 2) in base 13?
a5
1506 (base 11) to base 2
11110010110
-50785 (base 9) to base 8
-101251
Convert 533 (base 8) to base 13.
209
Convert -21745 (base 8) to base 7.
-35535
Convert -272 (base 8) to base 10.
-186
-20121122 (base 3) to base 8
-11327
2648 (base 11) to base 12
1ba8
Convert -16157 (base 12) to base 9.
-46854
What is 1a982 (base 11) in base 15?
8970
Convert -3201 (base 7) to base 8.
-2150
-521 (base 14) to base 6
-4401
21023300 (base 4) to base 2
1001001011110000
Convert -fde (base 16) to base 13.
-1b06
What is -10862 (base 11) in base 4?
-3310331
Convert -b823 (base 12) to base 9.
-30620
What is 10011010001111 (base 2) in base 16?
268f
1400 (base 8) to base 14
3cc
What is -13152 (base 13) in base 3?
-1210112200
What is 129a6 (base 13) in base 10?
34612
Convert 102330 (base 4) to base 13.
723
28a (base 11) to base 6
1324
What is -2aa (base 11) in base 2?
-101101010
What is -196 (base 14) in base 5?
-2303
22100211 (base 3) to base 4
1133101
8591 (base 15) to base 11
1a262
-102002220 (base 3) to base 15
-25ec
Convert -12c (base 16) to base 4.
-10230
Convert -82c (base 16) to base 5.
-31332
What is -a97 (base 11) in base 7?
-3560
What is 3973 (base 11) in base 5?
131122
Convert 26b (base 13) to base 9.
524
What is 1448 (base 11) in base 5?
24432
-23332103 (base 4) to base 16
-bf93
Convert -52687 (base 9) to base 4.
-20200030
What is -4a89 (base 11) in base 4?
-1213213
-11010110101010 (base 2) to base 7
-55024
-200102000 (base 3) to base 16
-346b
Convert -510005 (base 6) to base 3.
-2001010012
74ab (base 12) to base 11
968a
What is 160727 (base 8) in base 14?
170d9
Convert 18ab (base 12) to base 6.
21535
-1204 (base 6) to base 16
-124
484 (base 13) to base 15
374
Convert -6157 (base 9) to base 3.
-20011221
What is 22511 (base 8) in base 14?
369b
101101 (base 2) to base 9
50
What is -10110011100001 (base 2) in base 16?
-2ce1
What is -7565 (base 9) in base 14?
-2059
What is -1200032 (base 4) in base 12?
-3692
-2011220 (base 3) to base 7
-4431
What is -10 (base 4) in base 10?
-4
Convert 154 (base 7) to base 9.
107
2385 (base 10) to base 13
1116
Convert 102032122 (base 4) to base 2.
10010001110011010
What is -34315 (base 7) in base 4?
-2020132
What is 10023 (base 4) in base 13?
177
What is -4a0 (base 12) in base 5?
-10241
What is -111 (base 13) in base 7?
-351
What is -85c (base 16) in base 3?
-2221021
-111111110110 (base 2) to base 4
-333312
-4131 (base 6) to base 3
-1021001
330414 (base 5) to base 4
2301133
What is 6070 (base 10) in base 4?
1132312
What is 1010000100 (base 2) in base 6?
2552
4dd (base 14) to base 5
12404
What is 624 (base 8) in base 3?
112222
-1010000101 (base 2) to base 3
-212220
What is 120211012 (base 3) in base 12?
6812
Convert 293 (base 11) to base 9.
422
a137 (base 12) to base 9
25857
What is -220210 (base 3) in base 7?
-1644
1303002 (base 4) to base 15
22ac
What is -3b5 (base 12) in base 14?
-2c9
Convert 843 (base 13) to base 14.
727
What is -221121121 (base 3) in base 7?
-105304
204 (base 16) to base 7
1335
-4053 (base 7) to base 5
-21120
Convert 257101 (base 8) to base 11.
61404
What is 1011 (base 4) in base 9?
76
3221201 (base 4) to base 12
8795
3db (base 14) to base 6
3341
Convert -2052 (base 7) to base 6.
-3203
Convert -26004 (base 10) to base 4.
-12112110
What is -19b (base 16) in base 5?
-3121
-31225 (base 6) to base 10
-4193
Convert 71 (base 12) to base 4.
1111
What is 400035 (base 6) in base 3?
1120200212
What is 220132 (base 4) in base 7?
10360
What is -2c99 (base 13) in base 8?
-14624
4ae (base 15) to base 9
1412
What is -52240 (base 7) in base 13?
-5aac
Convert 61d3 (base 14) to base 6.
205553
What is 120330 (base 4) in base 3?
2012010
Convert -406 (base 16) to base 6.
-4434
Convert 432 (base 11) to base 6.
2223
a39 (base 14) to base 6
13151
What is -3153 (base 11) in base 7?
-15110
What is -56e (base 16) in base 14?
-714
Convert 132325 (base 6) to base 7.
50426
What is -5649 (base 12) in base 4?
-2111121
3964 (base 12) to base 15
1e21
-1868 (base 11) to base 13
-1107
-169b5 (base 12) to base 13
-11a6b
Convert 3330133 (base 4) to base 13.
7480
Convert 1000111 (base 3) to base 4.
23212
Convert 10804 (base 9) to base 14.
28b3
What is -3b6 (base 15) in base 16?
-34e
What is 4b23 (base 16) in base 7?
110036
What is -3535 (base 6) in base 7?
-2324
Convert -107ba (base 14) to base 8.
-116020
Convert db1d (base 14) to base 5.
2202410
What is -50452 (base 7) in base 12?
-70ba
What is -8409 (base 12) in base 16?
-3849
-11121211 (base 3) to base 5
-101440
Convert 35612 (base 7) to base 6.
110405
-3743 (base 11) to base 16
-1317
What is 3505 (base 7) in base 15?
5a4
34023 (base 5) to base 3
10021110
3588 (base 10) to base 14
1444
Convert -6010 (base 14) to base 4.
-10001132
2442433 (base 5) to base 6
555454
-53a9 (base 14) to base 9
-21743
Convert -427 (base 8) to base 16.
-117
What is -29 (base 12) in base 13?
-27
What is -113033 (base 4) in base 3?
-2001002
Convert -11011001001 (base 2) to base 11.
-133a
-512 (base 12) to base 14
-3a6
2111 (base 10) to base 14
aab
What is 2147 (base 8) 